4*100/o. Let m = -19 - n. Give h(m).
-12
Let u be -3*1 - 72/((-4)/1). Let i = 19 - u. Let m(o) be the first derivative of o**2/2 + 3*o - 2. Give m(i).
7
Let w(g) = -24*g + 4. Let q(x) = x. Let i(b) = 5*q(b) + w(b). Let t(u) = -19*u + 3. Let y(s) = -2*i(s) + 3*t(s). Give y(-1).
20
Let j(v) = 10*v. Let k(u) = -u**2 - 30*u + 1. Let g be k(-30). Give j(g).
10
Let z(h) = -7 - 19 - 14 + 6*h - 2*h + 23. What is z(3)?
-5
Let j(x) = -207325 + 9*x + 3*x + 207350 + x**2. Determine j(-10).
5
Let i(x) = 14*x - 436*x**2 + 430*x**2 - 11*x + 4 + x**3. Give i(3).
-14
Suppose -35 = 232*k - 237*k. Let r(i) = -i + 7. Determine r(k).
0
Let b be ((-325)/(-195))/((-5)/(-6)). Let p(i) = i**3 - 3*i**2 + 3*i. Give p(b).
2
Let h(c) = -c**2 - 7*c - 8. Let n be h(-6). Let d be 40/25*(-5)/n. Suppose -d*q = -2*q + 8. Let v(w) = w**3 + 5*w**2 + 5*w - 4. Determine v(q).
-8
Let n = -8 + 13. Let y(b) = -11*b**3 - 3*b**2 + 4*b - 10. Let q(p) = 26*p**3 + 5*p**2 - 7*p + 21. Let c(a) = -3*q(a) - 7*y(a). Give c(n).
-3
Let n(f) be the third derivative of -f**4/24 + 4*f**3/3 + 6*f**2. Let m be n(6). Let j(t) = 7*t - 7 - 14*t - t**2 - 6*t**m - t**3. Give j(-6).
-1
Let w = -2442 - -2443. Let y(g) = 6*g**2 + g - 1. Determine y(w).
6
Suppose -3*c + 40 = 5*r, 0*r - 16 = -2*r - 4*c. Let x be (-3)/18*-3*r. Let o(d) = 2*d - 2. Give o(x).
6
Let p(h) = -h**2 - h + 1. Let s(d) = 5*d**2 + 2*d - 5. Let k(v) = -4*p(v) - s(v). Let q(y) be the first derivative of k(y). Suppose -16 = -3*b - 7. Give q(b).
-4
Let f be 1 + 5/(15/(-6)). Let h(g) = -113*g + 347*g - 110*g - 126*g. Determine h(f).
2
Let q(i) be the third derivative of i**4/6 - 7*i**3/3 - 14*i**2 + i. Calculate q(4).
2
Let y(x) be the first derivative of 5*x + 0*x**2 - 1/4*x**4 + 0*x**3 + 14. What is y(0)?
5
Let g(q) = -6 + 3*q + 0 - q. Let t(i) = 4*i - 65. Let a(s) = -16*s**3 - 1. Let r be a(-1). Let n be t(r). Give g(n).
-16
Let f = -281 - -288. Let o(u) = 3*u - 2. Calculate o(f).
19
Let b(o) = -o**3 + 6*o**3 - 3*o**3 + 4*o + 1 - 3*o**3 + 3*o**2. Determine b(4).
1
Suppose i = -5 + 15. Let y(p) = 3*p + i*p**2 + 2 - 14*p**2 + 4*p**2 + p**2. Give y(-2).
0
Let c(f) = -9*f**3 - 2*f**2 + f. Let h(l) = -l**2 - 6*l - 5. Let q be h(-5). Let m = -7 - -9. Suppose 2*b + m = -4*p, q = 3*p - b + 2*b. What is c(p)?
-10
Let a(b) = -4 + 1 + 39*b + 39*b - 79*b. What is a(-8)?
5
Let h(r) = 0*r + 3 - 3*r - 5*r**2 + r**3 + 3*r - r. Let y = 7 - 6. Let p be y/(-2)*(-7 - 3). Determine h(p).
-2
Let h(s) = 4*s**2 - 6. Let a(u) = -3*u**2 + 5. Let y(i) = -5*a(i) - 4*h(i). Let g(k) = 2*k + 2. Let l be g(-2). What is y(l)?
-5
Let l be (-11)/1 - (-6)/6. Let x(n) = -n**2 - 10*n - 5. What is x(l)?
-5
Let y(r) = 11*r + 10. Let c(h) = 4*h - 1. Let m(j) = 3*c(j) - y(j). Calculate m(12).
-1
Let b = 7 + -3. Suppose 16 = 12*j - b*j. Let m(i) = -i**2 + 2*i - 3. Calculate m(j).
-3
Let k(v) = v**2 + 1. Let q(l) = -5*l**2 - 3*l - 18. Let t(g) = 5*g**2 + 2*g + 19. Let z(f) = 3*q(f) + 2*t(f). Let o(b) = 6*k(b) + z(b). Calculate o(7).
4
Let d be 177/30 + (-4)/(-40). Let x(t) = -t**3 + 5*t**2 + 3*t + 5. Calculate x(d).
-13
Let y(r) = 2*r**3 - 11*r**2 + 9*r + 1. Let j be y(4). Let k(f) = -f**3 - 10*f**2 + 8*f - 15. Give k(j).
18
Let i be (4 - 14) + 10 - -3. Let g(k) = k**3 - k**2 - k + 4. Determine g(i).
19
Let f(n) = n - 23. Let d = 2627 + -2609. Give f(d).
-5
Let o(j) = -j**2 - j - 1. Let h(n) = 6*n**2 + 4*n + 1. Suppose -5*c + x + 25 - 3 = 0, 2*c + 2 = 4*x. Let a(u) = c*o(u) + h(u). Determine a(-3).
8
Let f(q) = -q**2 - 3*q. Let n be f(-4). Let a be (-4 + -1)/(4/n). Let z(r) = r + 2. Let c(g) = -7*g - 18. Let j(k) = 2*c(k) + 15*z(k). What is j(a)?
-1
Let c(k) = 2*k + 0*k**3 + 7*k**2 - 40*k**2 - 6 + 28*k**2 + k**3. Suppose -3*h + 15 = 4*w - 2*h, -3*w - 5*h + 7 = 0. What is c(w)?
-14
Let l(k) = k**2 - k + 3. Let o = -102 - -104. Suppose 0 = t - o + 2. Calculate l(t).
3
Let z(b) = -927*b**3 + 3*b - 927*b**3 + 2789*b**3 - 7*b**2 - 934*b**3. Let g = 14 - 8. Give z(g).
-18
Let l(a) = 5*a**2 + 3*a - 7. Let y(j) = -9*j**2 - 7*j + 16. Let c(u) = -7*l(u) - 3*y(u). Calculate c(-1).
-7
Let k be (1/7)/(197/(-4137)). Let a(h) = -5*h**2 - 3*h + 2*h**3 - 3*h**3 + 0*h**3 + 2. Give a(k).
-7
Let u = -54 - -77. Let n(t) = -50*t + 20*t + u*t. Determine n(2).
-14
Let h(u) be the second derivative of u**3/3 - 3*u**2/2 + 2*u + 61. Calculate h(8).
13
Let y(x) = x + 5526*x**3 + 2 + 7*x**2 - x - 5527*x**3. Calculate y(7).
2
Let z(p) = p - 8. Let x be ((-36)/(-15))/(10/(-175)). Let r = 50 + x. Determine z(r).
0
Let g(h) = h**3 + 5*h**2 + 2*h + 5. Suppose 4*m - 77 = p + 2*p, -57 = -3*m + 3*p. Suppose -3*a - 2*a = -m. Suppose -n - a*n = 25. Determine g(n).
-5
Let h be (2/4)/((-7)/(-14)). Let n(i) = 3 + 4*i**2 + 2*i - 6*i + h + 0 - i**3. Let z = -4 + 7. What is n(z)?
1
Let l(q) = 144 - 71 - 10*q**2 - 72. What is l(-1)?
-9
Suppose -h - 1 + 3 = 0. Let a(c) = -h*c**2 + 6*c**2 + 1 - 2. Suppose -226*w + 223*w = -3. Give a(w).
3
Let u be 9 + -1 + (-4 - -1). Let q(f) be the first derivative of f**2/2 - 9*f + 107. What is q(u)?
-4
Let x(r) = -r + 2. Let l = -893 - -887. What is x(l)?
8
Let k = 237 - 239. Let x(i) = 0*i + 3 + 0*i + 9*i - 7*i + i**2. Give x(k).
3
Let c(a) = -a**2 - 5*a + 6. Let s = 19 - 17. Suppose -2*h = 4*n - 44, 3*h = -s*n + 87 - 9. Suppose 4*z - h = 8*z. Calculate c(z).
-8
Let d(p) = 3*p**2 - 12*p + 4. Suppose 723*t - 18 = 717*t. Give d(t).
-5
Let y(k) = -9*k**3 - 7*k**2 + 8*k + 2. Let r(o) = -11*o**3 - 7*o**2 + 9*o + 1. Let m(q) = 5*r(q) - 6*y(q). Give m(6).
11
Let p(f) = 353*f**2 - 166*f**2 - f**3 + 3*f - 3 - 184*f**2. Suppose -3 = 3*k - 3*b, 7*k - 11 = 3*k - b. Determine p(k).
7
Let n be 66/(-11) + 18 - 9. Let l(g) be the third derivative of -8*g**2 + 0*g + 0 - 1/2*g**n - 1/24*g**4. Give l(-7).
4
Let o = 1 + -5. Let u(x) = x + 4. Let b be u(o). Let s(q) be the first derivative of q**3/3 + q**2/2 - 5*q - 308. What is s(b)?
-5
Suppose -w - 5 + 16 = -2*j, 0 = -3*w - 3. Suppose -3*y + 36 + 22 = -4*l, 16 = -4*l. Let h(p) = -10 + 36 + p - y - 7. Calculate h(j).
-1
Let z(t) be the second derivative of -t**4/12 - t**3/2 + 3*t**2/2 + 27*t + 2. Determine z(-2).
5
Let s(g) = g**2 - 11*g - 5. Let i be s(12). Let z(a) = 6 + a - 2 - i. Calculate z(0).
-3
Let r(u) be the third derivative of -u**5/6 + u**4/24 - u**3/6 - 14*u**2. Let j = -9 - -10. Determine r(j).
-10
Let k(v) = v**2 + 8*v. Let h be (2/(-3))/(276/4554). Give k(h).
33
Let j(a) = -3*a + 3*a - 7 + a**2. Let k = 2753 + -2753. Give j(k).
-7
Let z(p) = 1 + 4*p + 0 + 1. Suppose -9 = -l - 0*l. Let g = l + -7. Give z(g).
10
Suppose 1789*g + 77 = 1778*g. Let s(f) = -3*f - 21. Determine s(g).
0
Let k(c) be the third derivative of 7/24*c**4 + 0*c + 0 + c**2 - 1/60*c**5 + 1/3*c**3. Determine k(5).
12
Let o(b) = 7*b**2 + 16*b + 8. Let r(p) = p**2 + p + 1. Let y(t) = o(t) - 6*r(t). Determine y(-9).
-7
Suppose 2*x - x - 5 = 0. Let u(w) be the first derivative of -3/2*w**2 - 4 + 1/3*w**3 - 7*w. Calculate u(x).
3
Let y = -250 - -254. Let k(r) be the second derivative of 0 + 3*r + r**2 + r**3 - 1/12*r**y. What is k(5)?
7
Let v = -29 - -24. Let b be (-16)/(-10)*v/2. Let f(y) = -5*y. Calculate f(b).
20
Let s(q) be the second derivative of q**4/12 - 7*q**3/6 - 2*q**2 + 117*q. Suppose 0*c + 3*i = -4*c + 37, 3*c - 5*i = 6. Calculate s(c).
-4
Let q(u) = u**2 + 10*u + 2. Let m be q(-10). Let v(x) be the second derivative of x**3/6 + 28*x. What is v(m)?
2
Let i(d) = -10*d**2 - 60*d - 5. Let b be i(-6). Let o(a) = 0*a**2 - 3*a + a**2 + 4*a + 1. Calculate o(b).
21
Let z(q) be the third derivative of -q**6/120 - q**5/10 + 5*q**4/24 + 4*q**2 + 2. Calculate z(-7).
14
Suppose -n + 5*n - 27 = -5*r, 15 = r + 4*n. Let b(l) = -2*l**2 - 2*l**3 - 2*l + 2*l**3 + 3 + l**3. Determine b(r).
6
Let v(s) be the first derivative of 7*s**2/2 + 3*s + 3. Let p(f) = -17 - 18*f - 46*f - 11. Let g(l) = -3*p(l) - 28*v(l). Calculate g(-1).
4
Let d = 694 + -688. Let n(t) be the second derivative of -t**5/20 + 7*t**4/12 - t**3 - t**2/2 - 4*t. Calculate n(d).
-1
Suppose 186 - 206 = 5*z. Let t(g) = -7*g + 7*g**2 + 0 - 4*g**2 - 4*g**2 - 6. What is t(z)?
6
Suppose -3*f + k = 1 + 5, -5*k - 12 = -f. Let v(l) = 3*l - 1. Give v(f).
-10
Suppose -17*c = -21*c - 24. Let t be (c/(-9))/((-4)/6). Let r(x) = x - 1. Let l(b) = -4*b + 3. Let z(m) = 5*l(m) + 15*r(m). Calculate z(t).
5
Let x(f) = f**3 - 8*f**2 - f + 4. Le